{"id":1822,"date":"2014-11-11T11:13:51","date_gmt":"2014-11-11T08:13:51","guid":{"rendered":"http:\/\/anpsthemes.com\/constructo\/?page_id=9"},"modified":"2025-07-31T12:56:26","modified_gmt":"2025-07-31T09:56:26","slug":"urunler","status":"publish","type":"page","link":"https:\/\/mayiscayi.com\/?page_id=1822","title":{"rendered":"\u00dcR\u00dcNLER\u0130M\u0130Z"},"content":{"rendered":"<p>[vc_row][vc_column][\/vc_column][\/vc_row][vc_row css=&#8221;.vc_custom_1418289717381{padding-top: 50px !important;padding-bottom: 50px !important;}&#8221; has_content=&#8221;true&#8221;][vc_column width=&#8221;1\/3&#8243;][vc_single_image image=&#8221;2130&#8243; img_size=&#8221;full&#8221; onclick=&#8221;custom_link&#8221; link=&#8221;https:\/\/www.trendyol.com\/kosk-cayi\/mayis-cayi-harman-siyah-demlik-poset-cay-850gr-p-118020430?boutiqueId=61&#038;merchantId=185075&#038;filterOverPriceListings=false&#038;sav=true&#8221;]<h5 class='heading-content  style-1' ><span>K\u00d6\u015eK \u00c7AYI<em class=\"heading-subtitle\">Demlik S\u00fczen Po\u015fet \u00c7ay<\/em><\/span><\/h5>[vc_column_text]<\/p>\n<ul>\n<li>\u0130lk hasat may\u0131s \u00e7aylar\u0131<\/li>\n<li>Demlik po\u015fet \u00e7ay<\/li>\n<li>Po\u015fet gramajlar\u0131 17gr<\/li>\n<li>50 adet po\u015fet<\/li>\n<\/ul>\n<p>&nbsp;[\/vc_column_text]<a target=\"_blank\" href=\"https:\/\/www.trendyol.com\/kosk-cayi\/mayis-cayi-harman-siyah-demlik-poset-cay-850gr-p-118020430?boutiqueId=61&merchantId=185075&filterOverPriceListings=false&sav=true\" class=\"btn  btn-sm style-3\" id=\"custom-id-0\" style=\"color: #000000;background-color: #f29e0e;border-color: #f29e0e;\">TRENDYOL<\/a>[vc_column_text][\/vc_column_text][\/vc_column][vc_column width=&#8221;1\/3&#8243;][vc_single_image image=&#8221;2143&#8243; img_size=&#8221;full&#8221;]<h5 class='heading-content  style-1' ><span>K\u00d6\u015eK \u00c7AYI BUSEL\u0130K 3,2gr<em class=\"heading-subtitle\">Demlik S\u00fczen Po\u015fet \u00c7ay<\/em><\/span><\/h5>[vc_column_text]<\/p>\n<ul>\n<li>\u0130lk hasat may\u0131s \u00e7aylar\u0131<\/li>\n<li>Demlik po\u015fet \u00e7ay<\/li>\n<li>Po\u015fet gramajlar\u0131 3,2gr<\/li>\n<li>100 adet po\u015fet<\/li>\n<\/ul>\n<p>&nbsp;[\/vc_column_text]<a target=\"_blank\" href=\"https:\/\/www.trendyol.com\/kosk-cayi\/kosk-cay-buselik-demlik-poset-cay-100-adet-p-949761343?boutiqueId=61&merchantId=185075&filterOverPriceListings=false&sav=true\" class=\"btn  btn-sm style-3\" id=\"custom-id-1\" style=\"color: #000000;background-color: #f29e0e;border-color: #f29e0e;\">TRENDYOL<\/a>[\/vc_column][vc_column width=&#8221;1\/3&#8243;][vc_single_image image=&#8221;2144&#8243; img_size=&#8221;full&#8221;]<h5 class='heading-content  style-1' ><span>K\u00d6\u015eK \u00c7AYI AROMAT\u0130K<em class=\"heading-subtitle\">Demlik S\u00fczen Po\u015fet \u00c7ay<\/em><\/span><\/h5>[vc_column_text]<\/p>\n<ul>\n<li>\u0130lk hasat may\u0131s \u00e7aylar\u0131<\/li>\n<li>Bergamot Aromal\u0131<\/li>\n<li>Demlik po\u015fet \u00e7ay<\/li>\n<li>Po\u015fet gramajlar\u0131 3,2gr<\/li>\n<li>100 adet po\u015fet<\/li>\n<\/ul>\n<p>[\/vc_column_text]<a target=\"_blank\" href=\"https:\/\/www.trendyol.com\/pd\/kosk-cayi\/kosk-cay-aromatik-demlik-poset-cay-100-adet-p-958957751?boutiqueId=61&merchantId=185075&filterOverPriceListings=false&sav=true\" class=\"btn  btn-sm style-3\" id=\"custom-id-2\" style=\"color: #000000;background-color: #f29e0e;border-color: #f29e0e;\">TRENDYOL<\/a>[\/vc_column][\/vc_row][vc_row][vc_column width=&#8221;1\/3&#8243;][vc_single_image image=&#8221;2079&#8243; img_size=&#8221;full&#8221;]<h5 class='heading-content  style-1' ><span>K\u00d6\u015eK \u00c7AYI Aromatik Bergamot Aromal\u0131 5000g &#8211; \u0130\u015fletmelere \u00d6zel<em class=\"heading-subtitle\">125 Adet x 40g Po\u015fet \u00c7ay<\/em><\/span><\/h5>[vc_column_text]<\/p>\n<ul>\n<li>11 \u00e7e\u015fit harman<\/li>\n<li>\u0130lk hasat may\u0131s \u00e7aylar\u0131<\/li>\n<li>Bergamot Aromal\u0131<\/li>\n<li>Demlik po\u015fet \u00e7ay<\/li>\n<li>Po\u015fet gramajlar\u0131 40gr<\/li>\n<li>125 adet po\u015fet<\/li>\n<\/ul>\n<p>[\/vc_column_text][vc_empty_space height=&#8221;10px&#8221;]<a target=\"_blank\" href=\"https:\/\/www.trendyol.com\/kosk-cay\/isletmelere-ozel-aromatik-cay-11-cesit-harman-5kg-demlik-poset-cay-p-105021670?boutiqueId=61&merchantId=185075&filterOverPriceListings=false&sav=true\" class=\"btn  btn-sm style-3\" id=\"custom-id-3\" style=\"color: #000000;background-color: #f29e0e;border-color: #f29e0e;\">TRENDYOL<\/a>[\/vc_column][vc_column width=&#8221;1\/3&#8243;][vc_single_image image=&#8221;2076&#8243; img_size=&#8221;full&#8221;]<h5 class='heading-content  style-1' ><span>K\u00d6\u015eK \u00c7AYI Buselik Serisi Siyah \u00c7ay 5000g &#8211; \u0130\u015fletmelere \u00d6zel<em class=\"heading-subtitle\">125 Adet x 40g Po\u015fet \u00c7ay<\/em><\/span><\/h5>[vc_column_text]<\/p>\n<ul>\n<li>8 \u00e7e\u015fit harman<\/li>\n<li>\u0130lk hasat may\u0131s \u00e7aylar\u0131<\/li>\n<li>Demlik Po\u015fet \u00e7ay<\/li>\n<li>Po\u015fet gramajlar\u0131 40gr<\/li>\n<li>125 adet<\/li>\n<li>3500 bardak \u00e7ay verimi<\/li>\n<li>1 paket 5kg<\/li>\n<\/ul>\n<p>[\/vc_column_text][vc_empty_space height=&#8221;10px&#8221;]<a target=\"_blank\" href=\"https:\/\/www.trendyol.com\/kosk-cay\/buselik-siyah-cay-8-cesit-harman-5kg-p-107261711?boutiqueId=61&merchantId=185075&filterOverPriceListings=false&sav=true\" class=\"btn  btn-sm style-3\" id=\"custom-id-4\" style=\"color: #000000;background-color: #f29e0e;border-color: #f29e0e;\">TRENDYOL<\/a>[\/vc_column][vc_column width=&#8221;1\/3&#8243;][vc_single_image image=&#8221;2089&#8243; img_size=&#8221;full&#8221;]<h5 class='heading-content  style-1' ><span>K\u00d6\u015eK \u00c7AYI SOFA Serisi Siyah \u00c7ay 5000g &#8211; \u0130\u015fletmelere \u00d6zel<em class=\"heading-subtitle\">125Adet x 40g Po\u015fet \u00c7ay<\/em><\/span><\/h5>[vc_column_text]<\/p>\n<ul>\n<li>9 \u00e7e\u015fit harman<\/li>\n<li>\u0130lk hasat may\u0131s \u00e7aylar\u0131<\/li>\n<li>1 paket 5kg<\/li>\n<li>Po\u015fet \u00e7ay<\/li>\n<li>Po\u015fet gramajlar\u0131 40gr<\/li>\n<li>125 adet<\/li>\n<li>3500 bardak \u00e7ay verimi<\/li>\n<\/ul>\n<p>[\/vc_column_text][vc_empty_space height=&#8221;10px&#8221;]<a target=\"_blank\" href=\"https:\/\/www.trendyol.com\/kosk-cay\/isletmelere-ozel-sofa-9-cesit-harman-5kg-p-105055148?boutiqueId=61&merchantId=185075&filterOverPriceListings=false&sav=true\" class=\"btn  btn-sm style-3\" id=\"custom-id-5\" style=\"color: #000000;background-color: #f29e0e;border-color: #f29e0e;\">TRENDYOL<\/a>[\/vc_column][\/vc_row][vc_row css=&#8221;.vc_custom_1418289717381{padding-top: 50px !important;padding-bottom: 50px !important;}&#8221; has_content=&#8221;true&#8221;][vc_column width=&#8221;1\/3&#8243;][vc_single_image image=&#8221;2085&#8243; img_size=&#8221;full&#8221;]<h5 class='heading-content  style-1' ><span>K\u00d6\u015eK \u00c7AY BUSEL\u0130K HED\u0130YE 375gr<em class=\"heading-subtitle\">22 Adet x 17g Demlik Po\u015fet \u00c7ay<\/em><\/span><\/h5>[vc_column_text]<\/p>\n<ul>\n<li>8 \u00e7e\u015fit harman<\/li>\n<li>\u0130lk hasat may\u0131s \u00e7aylar\u0131<\/li>\n<li>Demlik po\u015fet \u00e7ay<\/li>\n<li>Po\u015fet gramajlar\u0131 17gr<\/li>\n<li>22 adet<\/li>\n<li>Yumu\u015fak \u0130\u00e7imli<\/li>\n<\/ul>\n<p>[\/vc_column_text][vc_empty_space height=&#8221;10px&#8221;]<a target=\"_blank\" href=\"https:\/\/www.trendyol.com\/kosk-cay\/buselik-luks-demlik-poset-cay-375gr-p-105054169?boutiqueId=61&merchantId=185075&filterOverPriceListings=false&sav=true\" class=\"btn  btn-sm style-3\" id=\"custom-id-6\" style=\"color: #0a0000;background-color: #f29e0e;border-color: #f29e0e;\">TRENDYOL<\/a>[\/vc_column][vc_column width=&#8221;1\/3&#8243;][vc_single_image image=&#8221;2086&#8243; img_size=&#8221;full&#8221;]<h5 class='heading-content  style-1' ><span>K\u00d6\u015eK \u00c7AY  5 \u00c7AYI HO\u015e SOHBET SAAT\u0130<em class=\"heading-subtitle\">D\u00f6kme \u00c7ay<\/em><\/span><\/h5>[vc_column_text]<\/p>\n<ul>\n<li>5 \u00e7e\u015fit harman<\/li>\n<li>Beyaz \u00c7ay, Siyah \u00c7ay, Seylan \u00c7ay\u0131 ve Tomurcuk Harman\u0131d\u0131r.<\/li>\n<li>\u0130lk hasat may\u0131s \u00e7aylar\u0131<\/li>\n<li>1 paket 1kg<\/li>\n<li>D\u00f6kme \u00c7ay<\/li>\n<li>Yumu\u015fak \u0130\u00e7imli<\/li>\n<\/ul>\n<p>[\/vc_column_text][vc_empty_space height=&#8221;10px&#8221;]<a target=\"_blank\" href=\"https:\/\/www.trendyol.com\/kosk-cay\/kosk-5-cayi-hos-sohbet-saati-1kg-p-897477741?boutiqueId=61&merchantId=185075&filterOverPriceListings=false&sav=true\" class=\"btn  btn-sm style-3\" id=\"custom-id-7\" style=\"color: #000000;background-color: #f29e0e;border-color: #f29e0e;\">TRENDYOL<\/a>[\/vc_column][vc_column width=&#8221;1\/3&#8243;][vc_single_image image=&#8221;2087&#8243; img_size=&#8221;full&#8221;]<h5 class='heading-content  style-1' ><span>K\u00d6\u015eK \u00c7AY  5 \u00c7AYI HO\u015e SOHBET SAAT\u0130 BERGAMOT AROMALI<em class=\"heading-subtitle\">D\u00f6kme \u00c7ay<\/em><\/span><\/h5>[vc_column_text]<\/p>\n<ul>\n<li>5 \u00e7e\u015fit harman<\/li>\n<li>Bergamot Aromal\u0131<\/li>\n<li>Beyaz \u00c7ay, Siyah \u00c7ay, Seylan \u00c7ay\u0131 ve Tomurcuk Harman\u0131d\u0131r.<\/li>\n<li>\u0130lk hasat may\u0131s \u00e7aylar\u0131<\/li>\n<li>1 paket 1kg<\/li>\n<li>D\u00f6kme \u00c7ay<\/li>\n<\/ul>\n<p>[\/vc_column_text][vc_empty_space height=&#8221;10px&#8221;]<a target=\"_blank\" href=\"https:\/\/www.trendyol.com\/kosk-cay\/kosk-5-cayi-hos-sohbet-saati-bergamot-aromali-1kg-p-893560156?boutiqueId=61&merchantId=185075&filterOverPriceListings=false&sav=true\" class=\"btn  btn-sm style-3\" id=\"custom-id-8\" style=\"color: #000000;background-color: #f29e0e;border-color: #f29e0e;\">TRENDYOL<\/a>[\/vc_column][\/vc_row]<\/p>\n","protected":false},"excerpt":{"rendered":"<p>[vc_row][vc_column][\/vc_column][\/vc_row][vc_row css=&#8221;.vc_custom_1418289717381{padding-top: 50px !important;padding-bottom: 50px !important;}&#8221; has_content=&#8221;true&#8221;][vc_column width=&#8221;1\/3&#8243;][vc_single_image image=&#8221;2130&#8243; img_size=&#8221;full&#8221; onclick=&#8221;custom_link&#8221; link=&#8221;https:\/\/www.trendyol.com\/kosk-cayi\/mayis-cayi-harman-siyah-demlik-poset-cay-850gr-p-118020430?boutiqueId=61&#038;merchantId=185075&#038;filterOverPriceListings=false&#038;sav=true&#8221;][vc_column_text] \u0130lk hasat may\u0131s \u00e7aylar\u0131 Demlik po\u015fet \u00e7ay Po\u015fet gramajlar\u0131 17gr 50 adet po\u015fet &nbsp;[\/vc_column_text][vc_column_text][\/vc_column_text][\/vc_column][vc_column width=&#8221;1\/3&#8243;][vc_single_image image=&#8221;2143&#8243; img_size=&#8221;full&#8221;][vc_column_text] \u0130lk hasat may\u0131s \u00e7aylar\u0131 Demlik po\u015fet \u00e7ay Po\u015fet gramajlar\u0131 3,2gr 100&#8230;<\/p>\n","protected":false},"author":1,"featured_media":0,"parent":0,"menu_order":0,"comment_status":"closed","ping_status":"closed","template":"","meta":{"footnotes":""},"class_list":["post-1822","page","type-page","status-publish","hentry"],"_links":{"self":[{"href":"https:\/\/mayiscayi.com\/index.php?rest_route=\/wp\/v2\/pages\/1822","targetHints":{"allow":["GET"]}}],"collection":[{"href":"https:\/\/mayiscayi.com\/index.php?rest_route=\/wp\/v2\/pages"}],"about":[{"href":"https:\/\/mayiscayi.com\/index.php?rest_route=\/wp\/v2\/types\/page"}],"author":[{"embeddable":true,"href":"https:\/\/mayiscayi.com\/index.php?rest_route=\/wp\/v2\/users\/1"}],"replies":[{"embeddable":true,"href":"https:\/\/mayiscayi.com\/index.php?rest_route=%2Fwp%2Fv2%2Fcomments&post=1822"}],"version-history":[{"count":23,"href":"https:\/\/mayiscayi.com\/index.php?rest_route=\/wp\/v2\/pages\/1822\/revisions"}],"predecessor-version":[{"id":2145,"href":"https:\/\/mayiscayi.com\/index.php?rest_route=\/wp\/v2\/pages\/1822\/revisions\/2145"}],"wp:attachment":[{"href":"https:\/\/mayiscayi.com\/index.php?rest_route=%2Fwp%2Fv2%2Fmedia&parent=1822"}],"curies":[{"name":"wp","href":"https:\/\/api.w.org\/{rel}","templated":true}]}}