{"id":1795,"date":"2014-11-11T11:09:47","date_gmt":"2014-11-11T08:09:47","guid":{"rendered":"http:\/\/anpsthemes.com\/constructo\/?page_id=5"},"modified":"2025-07-31T12:44:22","modified_gmt":"2025-07-31T09:44:22","slug":"home","status":"publish","type":"page","link":"https:\/\/mayiscayi.com\/","title":{"rendered":"Anasayfa"},"content":{"rendered":"<p>[vc_row full_width=&#8221;stretch_row_content_no_spaces&#8221; has_content=&#8221;true&#8221;][vc_column][rev_slider_vc alias=&#8221;main-slider-4&#8243;][\/vc_column][\/vc_row][vc_row css=&#8221;.vc_custom_1530092696459{padding-bottom: 75px !important;}&#8221; has_content=&#8221;inside&#8221;][vc_column width=&#8221;1\/3&#8243; offset=&#8221;vc_col-md-offset-1&#8243;][vc_custom_heading text=&#8221;&#8221; font_container=&#8221;tag:h3|font_size:34px|text_align:left&#8221; use_theme_fonts=&#8221;yes&#8221;][vc_row_inner][vc_column_inner][\/vc_column_inner][\/vc_row_inner][\/vc_column][vc_column width=&#8221;1\/2&#8243;][vc_row_inner][vc_column_inner][\/vc_column_inner][\/vc_row_inner][vc_custom_heading text=&#8221;&#8221; font_container=&#8221;tag:h4|font_size:22px|text_align:left&#8221; use_theme_fonts=&#8221;yes&#8221;][vc_custom_heading text=&#8221;&#8221; font_container=&#8221;tag:p|font_size:18px|text_align:left|line_height:1.4em&#8221; use_theme_fonts=&#8221;yes&#8221;][\/vc_column][\/vc_row][vc_row css=&#8221;.vc_custom_1530278331180{background-position: center !important;background-repeat: no-repeat !important;background-size: cover !important;}&#8221; el_class=&#8221;position-top-over&#8221;][vc_column width=&#8221;1\/3&#8243; css=&#8221;.vc_custom_1530278316047{background-color: #ffffff !important;}&#8221;]<a href=\"https:\/\/www.trendyol.com\/kosk-cay\/buselik-siyah-cay-8-cesit-harman-5kg-p-107261711?boutiqueId=61&merchantId=185075&filterOverPriceListings=false&sav=true\" class=\"f-content f-content--style-2\"><div class=\"f-content__image\"><img loading=\"lazy\" decoding=\"async\" width=\"990\" height=\"967\" src=\"https:\/\/mayiscayi.com\/wp-content\/uploads\/2025\/03\/KOSK-CAY-BUSELIK-5KG-Kopya-4.jpg\" class=\"attachment-full size-full\" alt=\"\" srcset=\"https:\/\/mayiscayi.com\/wp-content\/uploads\/2025\/03\/KOSK-CAY-BUSELIK-5KG-Kopya-4.jpg 990w, https:\/\/mayiscayi.com\/wp-content\/uploads\/2025\/03\/KOSK-CAY-BUSELIK-5KG-Kopya-4-300x293.jpg 300w, https:\/\/mayiscayi.com\/wp-content\/uploads\/2025\/03\/KOSK-CAY-BUSELIK-5KG-Kopya-4-768x750.jpg 768w, https:\/\/mayiscayi.com\/wp-content\/uploads\/2025\/03\/KOSK-CAY-BUSELIK-5KG-Kopya-4-370x360.jpg 370w, https:\/\/mayiscayi.com\/wp-content\/uploads\/2025\/03\/KOSK-CAY-BUSELIK-5KG-Kopya-4-360x352.jpg 360w\" sizes=\"auto, (max-width: 990px) 100vw, 990px\" \/><\/div><div class=\"f-content__wrap\"><div class=\"f-content__inner-wrap\"><div class=\"f-content__icon\" style=\"background-color: #ffcc43; \"><i class=\"fa fa-coffee\"><\/i><\/div><div class=\"f-content__title\">BUSEL\u0130K<\/div><div class=\"f-content__divider\" style=\"background-color: #ffffff; \"><\/div><\/div><div class=\"f-content__content\">K\u00f6\u015fk \u00c7ay benzersiz bir \u00fcretim s\u00fcreciyle ve titizlikle haz\u0131rlanm\u0131\u015f\u00a0 siyah may\u0131s \u00e7aylar\u0131n\u0131n kar\u0131\u015f\u0131mlar\u0131yla \u00f6ne \u00e7\u0131kar. \u0130lk hasat \u00e7ay yapraklar\u0131yla bilinen belirli b\u00f6lgelerden may\u0131s aylar\u0131nda temin edilen y\u00fcksek kaliteli \u00e7ay yapraklar\u0131ndan \u00fcretilir<\/div><\/div><\/a>[\/vc_column][vc_column width=&#8221;1\/3&#8243; css=&#8221;.vc_custom_1530278321487{background-color: #ffffff !important;}&#8221;]<a href=\"https:\/\/www.trendyol.com\/kosk-cay\/bergamotlu-ev-tipi-demlik-poset-cay-p-864652073?boutiqueId=61&merchantId=185075&filterOverPriceListings=false&sav=true\" class=\"f-content f-content--style-2\"><div class=\"f-content__image\"><img loading=\"lazy\" decoding=\"async\" width=\"990\" height=\"967\" src=\"https:\/\/mayiscayi.com\/wp-content\/uploads\/2025\/03\/SITE.jpg\" class=\"attachment-full size-full\" alt=\"\" srcset=\"https:\/\/mayiscayi.com\/wp-content\/uploads\/2025\/03\/SITE.jpg 990w, https:\/\/mayiscayi.com\/wp-content\/uploads\/2025\/03\/SITE-300x293.jpg 300w, https:\/\/mayiscayi.com\/wp-content\/uploads\/2025\/03\/SITE-768x750.jpg 768w, https:\/\/mayiscayi.com\/wp-content\/uploads\/2025\/03\/SITE-370x360.jpg 370w, https:\/\/mayiscayi.com\/wp-content\/uploads\/2025\/03\/SITE-360x352.jpg 360w\" sizes=\"auto, (max-width: 990px) 100vw, 990px\" \/><\/div><div class=\"f-content__wrap\"><div class=\"f-content__inner-wrap\"><div class=\"f-content__icon\" style=\"background-color: #ffcc43; \"><i class=\"fa fa-pagelines\"><\/i><\/div><div class=\"f-content__title\">AROMAT\u0130K<\/div><div class=\"f-content__divider\" style=\"background-color: #ffffff; \"><\/div><\/div><div class=\"f-content__content\">Bergamot Aromal\u0131 K\u00f6\u015fk \u00c7ay may\u0131s ay\u0131n\u0131n hasad\u0131 ile \u00e7e\u015fitli yerlerinden \u00f6zenle se\u00e7ilmi\u015f, i\u00e7imi keyifli aromatik \u00e7aylar\u0131n harmanlanmas\u0131yla olu\u015fturulmu\u015f m\u00fckemmel lezzet.<\/div><\/div><\/a>[\/vc_column][vc_column width=&#8221;1\/3&#8243; css=&#8221;.vc_custom_1530278325641{background-color: #ffffff !important;}&#8221;]<a href=\"https:\/\/www.trendyol.com\/kosk-cay\/hediyelik-buselik-demlik-poset-cay-2-li-paket-2x375gr-p-864694478?boutiqueId=61&merchantId=185075&filterOverPriceListings=false&sav=true\" class=\"f-content f-content--style-2\"><div class=\"f-content__image\"><img loading=\"lazy\" decoding=\"async\" width=\"990\" height=\"967\" src=\"https:\/\/mayiscayi.com\/wp-content\/uploads\/2025\/03\/buselik375.jpg\" class=\"attachment-full size-full\" alt=\"\" srcset=\"https:\/\/mayiscayi.com\/wp-content\/uploads\/2025\/03\/buselik375.jpg 990w, https:\/\/mayiscayi.com\/wp-content\/uploads\/2025\/03\/buselik375-300x293.jpg 300w, https:\/\/mayiscayi.com\/wp-content\/uploads\/2025\/03\/buselik375-768x750.jpg 768w, https:\/\/mayiscayi.com\/wp-content\/uploads\/2025\/03\/buselik375-370x360.jpg 370w, https:\/\/mayiscayi.com\/wp-content\/uploads\/2025\/03\/buselik375-360x352.jpg 360w\" sizes=\"auto, (max-width: 990px) 100vw, 990px\" \/><\/div><div class=\"f-content__wrap\"><div class=\"f-content__inner-wrap\"><div class=\"f-content__icon\" style=\"background-color: #ffcc43; \"><i class=\"fa fa-gift\"><\/i><\/div><div class=\"f-content__title\">HED\u0130YEL\u0130K<\/div><div class=\"f-content__divider\" style=\"background-color: #ffffff; \"><\/div><\/div><div class=\"f-content__content\">K\u00f6\u015fk \u00c7ay&#8217;\u0131n \u00f6zel alt\u0131n varak g\u00f6r\u00fcn\u00fcml\u00fc \u00f6zel hediyelik serisi kutusu, sevdiklerinize harika bir \u00e7ay hediye edebilmek i\u00e7in haz\u0131rlanm\u0131\u015ft\u0131r. Bu deneyimi t\u00fcm sevdikleriniz ile payla\u015fabilirsiniz.<\/div><\/div><\/a>[\/vc_column][\/vc_row][vc_row full_width=&#8221;stretch_row_content&#8221; parallax=&#8221;content-moving&#8221; parallax_image=&#8221;2021&#8243; css=&#8221;.vc_custom_1632907306587{padding-top: 70px !important;padding-bottom: 70px !important;}&#8221; has_content=&#8221;inside&#8221;][vc_column]<div class='container'><div class='row owly'><div class='col-md-6 col-xs-6'><h2 style='color:#ffffff;'>K\u00d6\u015eK \u00c7AY, may\u0131s \u00e7ay\u0131 yani ilk hasat \u00e7ay filizlerinden harmanlanm\u0131\u015f \u00f6zel ve butik bir \u00e7ayd\u0131r.<\/h2><\/div><div class='col-xs-6 col-md-6 align-right'><a class='owlprev' style='background:#0a0a0a;'><i class='fa fa-chevron-left' style='color:#ffffff;'><\/i><\/a><a class='owlnext' style='background:#0a0a0a;'><i class='fa fa-chevron-right' style='color:#ffffff;'><\/i><\/a><\/div><\/div><\/div><ul class='owl-carousel recentportfolio clearfix' data-col=5><\/ul>[vc_row_inner][vc_column_inner][\/vc_column_inner][\/vc_row_inner][\/vc_column][\/vc_row][vc_row css=&#8221;.vc_custom_1530169227000{margin-top: 50px !important;margin-bottom: 60px !important;}&#8221;][vc_column offset=&#8221;vc_col-md-offset-2 vc_col-md-8&#8243;][vc_custom_heading text=&#8221;\u00c7AYIN H\u0130KAYES\u0130&#8221; font_container=&#8221;tag:h3|font_size:32|text_align:center&#8221; use_theme_fonts=&#8221;yes&#8221;][vc_custom_heading text=&#8221;&#8221; font_container=&#8221;tag:p|font_size:18|text_align:center&#8221; use_theme_fonts=&#8221;yes&#8221;][\/vc_column][\/vc_row][vc_row full_width=&#8221;stretch_row&#8221; gap=&#8221;30&#8243; content_placement=&#8221;top&#8221;][vc_column width=&#8221;1\/3&#8243; css=&#8221;.vc_custom_1530183168151{margin-bottom: 40px !important;border-top-width: 1px !important;border-right-width: 1px !important;border-bottom-width: 1px !important;border-left-width: 1px !important;padding-right: 10px !important;padding-left: 10px !important;border-left-color: #e6e8e8 !important;border-left-style: solid !important;border-right-color: #e6e8e8 !important;border-right-style: solid !important;border-top-color: #e6e8e8 !important;border-top-style: solid !important;border-bottom-color: #e6e8e8 !important;border-bottom-style: solid !important;}&#8221;]<a href=\"#\" class=\"f-content f-content--style-1\"><div class=\"f-content__image\"><\/div><div class=\"f-content__wrap\"><div class=\"f-content__inner-wrap\"><div class=\"f-content__icon\" style=\"color: #363636; background-color: #ffffff; \"><i class=\"fa fa-dropbox\"><\/i><\/div><div class=\"f-content__title\">TOPLAMA<\/div><div class=\"f-content__divider\" style=\"background-color: #ffcc43; \"><\/div><\/div><div class=\"f-content__content\">\u00c7ay yapraklar\u0131 \u00e7ay yeti\u015ftiricileri taraf\u0131ndan b\u00fcy\u00fck bir \u00f6zenle toplan\u0131r. \u00c7ay kovanlar\u0131m\u0131z \u00e7ok olgun ve iri olsa da, bel y\u00fcksekli\u011fine kadar budan\u0131rlar, b\u00f6ylece toplay\u0131c\u0131lar yapraklara ve tomurcuklara bitkinin tepesine yak\u0131n en gen\u00e7 ve en yeni geli\u015fmeden kolayca eri\u015febilirler.<\/div><\/div><\/a>[\/vc_column][vc_column width=&#8221;1\/3&#8243; css=&#8221;.vc_custom_1530183173272{margin-bottom: 40px !important;border-top-width: 1px !important;border-right-width: 1px !important;border-bottom-width: 1px !important;border-left-width: 1px !important;border-left-color: #e6e8e8 !important;border-left-style: solid !important;border-right-color: #e6e8e8 !important;border-right-style: solid !important;border-top-color: #e6e8e8 !important;border-top-style: solid !important;border-bottom-color: #e6e8e8 !important;border-bottom-style: solid !important;}&#8221;]<a href=\"#\" class=\"f-content f-content--style-1\"><div class=\"f-content__image\"><\/div><div class=\"f-content__wrap\"><div class=\"f-content__inner-wrap\"><div class=\"f-content__icon\" style=\"color: #363636; background-color: #ffffff; \"><i class=\"fa fa-pagelines\"><\/i><\/div><div class=\"f-content__title\">TARIM<\/div><div class=\"f-content__divider\" style=\"background-color: #ffcc43; \"><\/div><\/div><div class=\"f-content__content\">\u00c7ay bah\u00e7esinde tipik bir 8 saatlik i\u015f g\u00fcn\u00fc boyunca, bir avc\u0131 taze sepette \u00e7ay yapraklar\u0131yla birka\u00e7 sepet dolduracakt\u0131r. Bir sepet doldu\u011funda, toplay\u0131c\u0131lar denetlenecek \u00e7ay yapraklar\u0131n\u0131 al\u0131r ve sadece en y\u00fcksek kalitede, hasars\u0131z \u00e7ay yapraklar\u0131n\u0131n i\u015flenmesi i\u00e7in se\u00e7ildi\u011finden emin olmak i\u00e7in tart\u0131l\u0131r.<\/div><\/div><\/a>[\/vc_column][vc_column width=&#8221;1\/3&#8243; css=&#8221;.vc_custom_1530183177262{margin-bottom: 40px !important;border-top-width: 1px !important;border-right-width: 1px !important;border-bottom-width: 1px !important;border-left-width: 1px !important;border-left-color: #e6e8e8 !important;border-left-style: solid !important;border-right-color: #e6e8e8 !important;border-right-style: solid !important;border-top-color: #e6e8e8 !important;border-top-style: solid !important;border-bottom-color: #e6e8e8 !important;border-bottom-style: solid !important;}&#8221;]<a href=\"#\" class=\"f-content f-content--style-1\"><div class=\"f-content__image\"><\/div><div class=\"f-content__wrap\"><div class=\"f-content__inner-wrap\"><div class=\"f-content__icon\" style=\"color: #363636; background-color: #ffffff; \"><i class=\"fa fa-truck\"><\/i><\/div><div class=\"f-content__title\">TA\u015eIMA<\/div><div class=\"f-content__divider\" style=\"background-color: #ffcc43; \"><\/div><\/div><div class=\"f-content__content\">\u00c7ay yapraklar\u0131 \u00e7ay yeti\u015ftiricileri taraf\u0131ndan b\u00fcy\u00fck bir \u00f6zenle toplan\u0131r. \u00c7ay kovanlar\u0131m\u0131z \u00e7ok olgun ve iri olsa da, bel y\u00fcksekli\u011fine kadar budan\u0131rlar, b\u00f6ylece toplay\u0131c\u0131lar yapraklara ve tomurcuklara bitkinin tepesine yak\u0131n en gen\u00e7 ve en yeni geli\u015fmeden kolayca eri\u015febilirler.<\/div><\/div><\/a>[\/vc_column][\/vc_row][vc_row full_width=&#8221;stretch_row&#8221; gap=&#8221;30&#8243; content_placement=&#8221;top&#8221;][vc_column width=&#8221;1\/3&#8243; css=&#8221;.vc_custom_1530183155411{margin-bottom: 40px !important;border-top-width: 1px !important;border-right-width: 1px !important;border-bottom-width: 1px !important;border-left-width: 1px !important;padding-right: 10px !important;padding-left: 10px !important;border-left-color: #e6e8e8 !important;border-left-style: solid !important;border-right-color: #e6e8e8 !important;border-right-style: solid !important;border-top-color: #e6e8e8 !important;border-top-style: solid !important;border-bottom-color: #e6e8e8 !important;border-bottom-style: solid !important;}&#8221;]<a href=\"#\" class=\"f-content f-content--style-1\"><div class=\"f-content__image\"><\/div><div class=\"f-content__wrap\"><div class=\"f-content__inner-wrap\"><div class=\"f-content__icon\" style=\"color: #363636; background-color: #ffffff; \"><i class=\"fa fa-leaf\"><\/i><\/div><div class=\"f-content__title\">P\u0130\u015e\u0130RME<\/div><div class=\"f-content__divider\" style=\"background-color: #ffcc43; \"><\/div><\/div><div class=\"f-content__content\">Pi\u015firme son kurutma i\u015flemini ba\u015flat\u0131r. Yaprak arzu edilen seviyeye okside edildi\u011finde, oksidasyon i\u015flemini durdurmak i\u00e7in \u00e7ay yapra\u011f\u0131na \u0131s\u0131 uygular\u0131z ve yapra\u011f\u0131n nem i\u00e7eri\u011fini daha da azalt\u0131r, b\u00f6ylece \u00e7ay yapraklar\u0131 bozulmadan depolanabilir. Uygulanan \u0131s\u0131n\u0131n t\u00fcr\u00fcne ba\u011fl\u0131 olarak, ate\u015fleme, son \u00e7ay\u0131n baz\u0131 lezzet \u00f6zelliklerini de verebilir.<\/div><\/div><\/a>[\/vc_column][vc_column width=&#8221;1\/3&#8243; css=&#8221;.vc_custom_1530183159798{margin-bottom: 40px !important;border-top-width: 1px !important;border-right-width: 1px !important;border-bottom-width: 1px !important;border-left-width: 1px !important;border-left-color: #e6e8e8 !important;border-left-style: solid !important;border-right-color: #e6e8e8 !important;border-right-style: solid !important;border-top-color: #e6e8e8 !important;border-top-style: solid !important;border-bottom-color: #e6e8e8 !important;border-bottom-style: solid !important;}&#8221;]<a href=\"#\" class=\"f-content f-content--style-1\"><div class=\"f-content__image\"><\/div><div class=\"f-content__wrap\"><div class=\"f-content__inner-wrap\"><div class=\"f-content__icon\" style=\"color: #363636; background-color: #ffffff; \"><i class=\"fa fa-barcode\"><\/i><\/div><div class=\"f-content__title\">SIRALAMA<\/div><div class=\"f-content__divider\" style=\"background-color: #ffcc43; \"><\/div><\/div><div class=\"f-content__content\">\u00c7ay yapraklar\u0131 \u00e7ay yeti\u015ftiricileri taraf\u0131ndan b\u00fcy\u00fck bir \u00f6zenle toplan\u0131r. \u00c7ay kovanlar\u0131m\u0131z \u00e7ok olgun ve iri olsa da, bel y\u00fcksekli\u011fine kadar budan\u0131rlar, b\u00f6ylece toplay\u0131c\u0131lar yapraklara ve tomurcuklara bitkinin tepesine yak\u0131n en gen\u00e7 ve en yeni geli\u015fmeden kolayca eri\u015febilirler.<\/div><\/div><\/a>[\/vc_column][vc_column width=&#8221;1\/3&#8243; css=&#8221;.vc_custom_1530183164303{margin-bottom: 40px !important;border-top-width: 1px !important;border-right-width: 1px !important;border-bottom-width: 1px !important;border-left-width: 1px !important;border-left-color: #e6e8e8 !important;border-left-style: solid !important;border-right-color: #e6e8e8 !important;border-right-style: solid !important;border-top-color: #e6e8e8 !important;border-top-style: solid !important;border-bottom-color: #e6e8e8 !important;border-bottom-style: solid !important;}&#8221;]<a href=\"#\" class=\"f-content f-content--style-1\"><div class=\"f-content__image\"><\/div><div class=\"f-content__wrap\"><div class=\"f-content__inner-wrap\"><div class=\"f-content__icon\" style=\"color: #363636; background-color: #ffffff; \"><i class=\"fa fa-coffee\"><\/i><\/div><div class=\"f-content__title\">TATMA<\/div><div class=\"f-content__divider\" style=\"background-color: #ffcc43; \"><\/div><\/div><div class=\"f-content__content\">\u00c7ay bah\u00e7esinde tipik bir 8 saatlik i\u015f g\u00fcn\u00fc boyunca, bir avc\u0131 taze sepette \u00e7ay yapraklar\u0131yla birka\u00e7 sepet dolduracakt\u0131r. Bir sepet doldu\u011funda, toplay\u0131c\u0131lar denetlenecek \u00e7ay yapraklar\u0131n\u0131 al\u0131r ve sadece en y\u00fcksek kalitede, hasars\u0131z \u00e7ay yapraklar\u0131n\u0131n i\u015flenmesi i\u00e7in se\u00e7ildi\u011finden emin olmak i\u00e7in tart\u0131l\u0131r.<\/div><\/div><\/a>[\/vc_column][\/vc_row][vc_row el_class=&#8221;text-center&#8221; css=&#8221;.vc_custom_1530183075466{margin-bottom: 80px !important;}&#8221;][vc_column][\/vc_column][\/vc_row][vc_row full_width=&#8221;stretch_row&#8221; parallax=&#8221;content-moving&#8221; parallax_image=&#8221;2040&#8243; css=&#8221;.vc_custom_1632911728297{padding-top: 110px !important;padding-bottom: 120px !important;}&#8221; el_class=&#8221;text-center&#8221;][vc_column][vc_custom_heading text=&#8221;K\u00d6\u015eK \u00c7AYI&#8221; font_container=&#8221;tag:h3|font_size:18px|text_align:center|color:%23e73514|line_height:1.2em&#8221; use_theme_fonts=&#8221;yes&#8221;][vc_custom_heading text=&#8221;Butik ve \u00d6zel \u00dcretim&#8221; font_container=&#8221;tag:h3|font_size:24px|text_align:center|color:%23ffffff|line_height:1em&#8221; use_theme_fonts=&#8221;yes&#8221;][vc_custom_heading text=&#8221;Marka vizyonu do\u011frultusunda kaliteyi korumak ad\u0131na butik \u00fcretim tercih edilmektedir.&#8221; font_container=&#8221;tag:h3|font_size:54px|text_align:center|color:%23ffffff|line_height:65px&#8221; use_theme_fonts=&#8221;yes&#8221;][vc_empty_space height=&#8221;20px&#8221;]<button target=\"_self\" class=\"btn  btn-md style-1\" id=\"custom-id-0\" style=\"\">HAKKIMIZDA<\/button>[\/vc_column][\/vc_row][vc_row full_width=&#8221;stretch_row&#8221; content_placement=&#8221;middle&#8221; css=&#8221;.vc_custom_1530521952829{padding-top: 35px !important;padding-bottom: 35px !important;background-color: #fcea1b !important;}&#8221;][vc_column offset=&#8221;vc_col-lg-9 vc_col-md-8&#8243;][vc_custom_heading text=&#8221;Sipari\u015f vermek ve \u00e7ay\u0131m\u0131z\u0131 denemek isterseniz +90 549 792 06 00 numaral\u0131 telefondan bize ula\u015fabilirsiniz.&#8221; font_container=&#8221;tag:h3|text_align:left&#8221; use_theme_fonts=&#8221;yes&#8221;][\/vc_column][vc_column offset=&#8221;vc_col-lg-3 vc_col-md-4&#8243; el_class=&#8221;text-center&#8221;]<a target=\"_self\" href=\"https:\/\/harmancay.com\/?page_id=1825\" class=\"btn  btn-md style-2\" id=\"custom-id-1\" style=\"\">\u0130LET\u0130\u015e\u0130M<\/a>[\/vc_column][\/vc_row][vc_row][vc_column width=&#8221;1\/2&#8243;]<div class=\"icon  \">\n                    <a href=\"https:\/\/www.instagram.com\/koskcayi\/\" target=\"_self\">\n                        <span class=\"fa fa-instagram\"><\/span>\n                        <h2>INSTAGRAM<\/h2>\n                        <h3 class=\"style-2\"><\/h3>\n                    <\/a>\n                    <p><\/p>\n                <\/div>[\/vc_column][vc_column width=&#8221;1\/2&#8243;]<div class=\"icon  \">\n                    <a href=\"https:\/\/www.trendyol.com\/magaza\/kosk-cay-m-185075?sst=0\" target=\"_self\">\n                        <span class=\"fa fa-hand-pointer-o\"><\/span>\n                        <h2>TRENDYOL<\/h2>\n                        <h3 class=\"style-2\"><\/h3>\n                    <\/a>\n                    <p><\/p>\n                <\/div>[\/vc_column][\/vc_row][vc_row][vc_column width=&#8221;1\/2&#8243;][vc_single_image image=&#8221;2139&#8243; img_size=&#8221;full&#8221; onclick=&#8221;custom_link&#8221; link=&#8221;https:\/\/www.trendyol.com\/kosk-cayi\/kosk-cay-buselik-demlik-poset-cay-100-adet-p-949761343?boutiqueId=61&#038;merchantId=185075&#038;filterOverPriceListings=false&#038;sav=true&#8221;][\/vc_column][vc_column width=&#8221;1\/2&#8243;][vc_single_image image=&#8221;2138&#8243; img_size=&#8221;full&#8221; onclick=&#8221;custom_link&#8221; link=&#8221;https:\/\/www.trendyol.com\/pd\/kosk-cayi\/kosk-cay-aromatik-demlik-poset-cay-100-adet-p-958957751?boutiqueId=61&#038;merchantId=185075&#038;filterOverPriceListings=false&#038;sav=true&#8221;][\/vc_column][\/vc_row][vc_row][vc_column][vc_single_image image=&#8221;2140&#8243; img_size=&#8221;full&#8221;][\/vc_column][\/vc_row]<\/p>\n","protected":false},"excerpt":{"rendered":"<p>[vc_row full_width=&#8221;stretch_row_content_no_spaces&#8221; has_content=&#8221;true&#8221;][vc_column][rev_slider_vc alias=&#8221;main-slider-4&#8243;][\/vc_column][\/vc_row][vc_row css=&#8221;.vc_custom_1530092696459{padding-bottom: 75px !important;}&#8221; has_content=&#8221;inside&#8221;][vc_column width=&#8221;1\/3&#8243; offset=&#8221;vc_col-md-offset-1&#8243;][vc_custom_heading text=&#8221;&#8221; font_container=&#8221;tag:h3|font_size:34px|text_align:left&#8221; use_theme_fonts=&#8221;yes&#8221;][vc_row_inner][vc_column_inner][\/vc_column_inner][\/vc_row_inner][\/vc_column][vc_column width=&#8221;1\/2&#8243;][vc_row_inner][vc_column_inner][\/vc_column_inner][\/vc_row_inner][vc_custom_heading text=&#8221;&#8221; font_container=&#8221;tag:h4|font_size:22px|text_align:left&#8221; use_theme_fonts=&#8221;yes&#8221;][vc_custom_heading text=&#8221;&#8221; font_container=&#8221;tag:p|font_size:18px|text_align:left|line_height:1.4em&#8221; use_theme_fonts=&#8221;yes&#8221;][\/vc_column][\/vc_row][vc_row css=&#8221;.vc_custom_1530278331180{background-position: center !important;background-repeat: no-repeat !important;background-size: cover !important;}&#8221; el_class=&#8221;position-top-over&#8221;][vc_column width=&#8221;1\/3&#8243; css=&#8221;.vc_custom_1530278316047{background-color: #ffffff !important;}&#8221;][\/vc_column][vc_column width=&#8221;1\/3&#8243; css=&#8221;.vc_custom_1530278321487{background-color: #ffffff !important;}&#8221;][\/vc_column][vc_column width=&#8221;1\/3&#8243; css=&#8221;.vc_custom_1530278325641{background-color: #ffffff !important;}&#8221;][\/vc_column][\/vc_row][vc_row&#8230;<\/p>\n","protected":false},"author":1,"featured_media":0,"parent":0,"menu_order":0,"comment_status":"closed","ping_status":"closed","template":"","meta":{"footnotes":""},"class_list":["post-1795","page","type-page","status-publish","hentry"],"_links":{"self":[{"href":"https:\/\/mayiscayi.com\/index.php?rest_route=\/wp\/v2\/pages\/1795","targetHints":{"allow":["GET"]}}],"collection":[{"href":"https:\/\/mayiscayi.com\/index.php?rest_route=\/wp\/v2\/pages"}],"about":[{"href":"https:\/\/mayiscayi.com\/index.php?rest_route=\/wp\/v2\/types\/page"}],"author":[{"embeddable":true,"href":"https:\/\/mayiscayi.com\/index.php?rest_route=\/wp\/v2\/users\/1"}],"replies":[{"embeddable":true,"href":"https:\/\/mayiscayi.com\/index.php?rest_route=%2Fwp%2Fv2%2Fcomments&post=1795"}],"version-history":[{"count":54,"href":"https:\/\/mayiscayi.com\/index.php?rest_route=\/wp\/v2\/pages\/1795\/revisions"}],"predecessor-version":[{"id":2142,"href":"https:\/\/mayiscayi.com\/index.php?rest_route=\/wp\/v2\/pages\/1795\/revisions\/2142"}],"wp:attachment":[{"href":"https:\/\/mayiscayi.com\/index.php?rest_route=%2Fwp%2Fv2%2Fmedia&parent=1795"}],"curies":[{"name":"wp","href":"https:\/\/api.w.org\/{rel}","templated":true}]}}